s 36 divide 741708?
True
Is 2 a factor of 47453?
False
Is 402938 a multiple of 134?
True
Does 94 divide 570204?
True
Is 7552 a multiple of 10?
False
Is 96 a factor of 3843931?
False
Is 772 a factor of 2962936?
True
Is 65 a factor of 380510?
True
Is 33056 a multiple of 63?
False
Is 40 a factor of 384900?
False
Is 846 a factor of 17425062?
True
Does 43 divide 29274?
False
Is 158 a factor of 55726?
False
Is 711062 a multiple of 12?
False
Is 9 a factor of 53792?
False
Does 65 divide 237221?
False
Does 25 divide 1912229?
False
Does 208 divide 946882?
False
Is 15 a factor of 70275?
True
Is 97 a factor of 1679588?
False
Is 655 a factor of 4095060?
True
Is 298176 a multiple of 32?
True
Does 1436 divide 829013?
False
Is 387 a factor of 1277874?
True
Is 323 a factor of 17047?
False
Does 190 divide 251750?
True
Is 12 a factor of 129852?
True
Is 151903 a multiple of 49?
False
Does 80 divide 2606160?
True
Is 312 a factor of 5397288?
True
Is 2089802 a multiple of 11?
True
Is 1274092 a multiple of 95?
False
Is 17880 a multiple of 8?
True
Is 2 a factor of 91472?
True
Is 90372 a multiple of 443?
True
Is 213635 a multiple of 26?
False
Is 497844 a multiple of 373?
False
Does 17 divide 256802?
True
Does 113 divide 121588?
True
Is 107380 a multiple of 212?
False
Is 771 a factor of 15129679?
False
Is 12 a factor of 367460?
False
Is 163719 a multiple of 9?
True
Is 38 a factor of 221464?
True
Is 419921 a multiple of 18?
False
Does 71 divide 309458?
False
Is 69 a factor of 22560?
False
Does 125 divide 1023000?
True
Does 9 divide 7222271?
False
Does 22 divide 52754?
False
Is 93684 a multiple of 148?
True
Is 15 a factor of 241755?
True
Is 2903493 a multiple of 287?
False
Is 518187 a multiple of 330?
False
Does 142 divide 1922396?
True
Is 138888 a multiple of 216?
True
Is 785537 a multiple of 465?
False
Does 3 divide 135315?
True
Is 6 a factor of 125396?
False
Is 11 a factor of 6182?
True
Does 137 divide 48361?
True
Is 56 a factor of 20664?
True
Is 1140588 a multiple of 12?
True
Does 39 divide 1706367?
True
Does 17 divide 17561?
True
Is 224 a factor of 1332800?
True
Is 59904 a multiple of 140?
False
Does 376 divide 1184913?
False
Is 1546776 a multiple of 21?
True
Is 646156 a multiple of 658?
True
Is 1039737 a multiple of 757?
False
Is 2 a factor of 426608?
True
Does 625 divide 3014132?
False
Is 624986 a multiple of 19?
True
Is 10801827 a multiple of 12?
False
Is 5347323 a multiple of 219?
True
Is 353 a factor of 767271?
False
Does 3 divide 26532?
True
Is 51 a factor of 56015?
False
Does 25 divide 82450?
True
Is 27735642 a multiple of 212?
False
Is 13472 a multiple of 7?
False
Is 8 a factor of 41928?
True
Is 38 a factor of 106970?
True
Is 120481 a multiple of 198?
False
Is 318392 a multiple of 4?
True
Does 716 divide 98594?
False
Does 840 divide 283080?
True
Is 13 a factor of 19223451?
True
Is 67560 a multiple of 60?
True
Does 14 divide 251937?
False
Is 44 a factor of 409208?
False
Is 1440 a factor of 1057174?
False
Is 52 a factor of 3120780?
True
Is 56 a factor of 2249688?
True
Is 64 a factor of 694649?
False
Is 1746893 a multiple of 212?
False
Does 409 divide 414317?
True
Is 2424041 a multiple of 459?
False
Does 39 divide 1625940?
False
Is 79 a factor of 168902?
True
Is 12873882 a multiple of 14?
True
Is 857560 a multiple of 794?
False
Is 3957756 a multiple of 88?
False
Is 13 a factor of 3949688?
False
Is 20317264 a multiple of 17?
False
Is 49 a factor of 1820652?
False
Is 157 a factor of 28260?
True
Is 12 a factor of 2436948?
True
Is 268 a factor of 1252466?
False
Is 36540 a multiple of 35?
True
Does 13 divide 238797?
True
Is 2235080 a multiple of 1733?
False
Is 18 a factor of 781920?
True
Does 108 divide 132732?
True
Is 2 a factor of 6805?
False
Is 26 a factor of 2654619?
False
Does 39 divide 3988096?
False
Is 38 a factor of 140265?
False
Is 20 a factor of 2022844?
False
Is 344 a factor of 2140024?
True
Does 9 divide 29538?
True
Does 172 divide 1860352?
True
Is 11 a factor of 866904?
False
Is 355 a factor of 44355?
False
Is 176546 a multiple of 41?
True
Is 5 a factor of 23485?
True
Is 174 a factor of 2440524?
True
Is 11 a factor of 12378?
False
Does 847 divide 418418?
True
Is 760 a factor of 5745793?
False
Is 11 a factor of 328548?
True
Is 4126214 a multiple of 19?
False
Does 25 divide 39053?
False
Does 98 divide 2429714?
True
Is 324900 a multiple of 285?
True
Is 492 a factor of 14034784?
False
Is 769855 a multiple of 23?
False
Is 22572 a multiple of 9?
True
Does 103 divide 31060165?
True
Is 34 a factor of 70723?
False
Is 116981 a multiple of 68?
False
Is 45 a factor of 2816950?
False
Is 15 a factor of 228528?
False
Is 286 a factor of 1283508?
False
Is 3164190 a multiple of 15?
True
Is 73696 a multiple of 188?
True
Is 7520 a multiple of 188?
True
Does 485 divide 64990?
True
Is 19298153 a multiple of 32?
False
Is 17 a factor of 8002061?
False
Is 297 a factor of 1261472?
False
Is 327690 a multiple of 291?
False
Is 231 a factor of 64218?
True
Is 98 a factor of 3774859?
False
Is 76550 a multiple of 10?
True
Is 24 a factor of 37031?
False
Does 8 divide 383596?
False
Is 14 a factor of 8221766?
True
Is 115920 a multiple of 336?
True
Is 478586 a multiple of 7?
False
Is 314 a factor of 5311624?
True
Does 43 divide 64930?
True
Is 751444 a multiple of 48?
False
Does 62 divide 1367534?
True
Is 21 a factor of 3519905?
False
Is 948 a factor of 6810432?
True
Is 7563572 a multiple of 23?
False
Is 1090908 a multiple of 756?
True
Is 65 a factor of 148265?
True
Is 20 a factor of 448880?
True
Is 194181 a multiple of 507?
True
Is 2652240 a multiple of 24?
True
Is 81554 a multiple of 26?
False
Is 93 a factor of 3506544?
False
Is 6302160 a multiple of 40?
True
Does 39 divide 366561?
True
Is 17 a factor of 8951571?
True
Is 970 a factor of 6941320?
True
Is 1137736 a multiple of 11?
False
Does 183 divide 7891875?
True
Is 10 a factor of 376760?
True
Does 54 divide 972081?
False
Is 473 a factor of 1095980?
False
Is 11636082 a multiple of 51?
False
Is 15390764 a multiple of 29?
True
Does 49 divide 15974?
True
Is 2450075 a multiple of 23?
True
Is 93159 a multiple of 5?
False
Does 68 divide 108123?
False
Is 128 a factor of 80592?
False
Does 642 divide 801577?
False
Is 17717584 a multiple of 16?
True
Is 5865934 a multiple of 53?
True
Is 282300 a multiple of 300?
True
Is 47 a factor of 46107?
True
Does 70 divide 738738?
False
Does 37 divide 11717056?
False
Is 267032 a multiple of 27?
False
Does 17 divide 187697?
True
Does 5 divide 673187?
False
Does 334 divide 375750?
True
Is 9 a factor of 78492?
False
Is 276 a factor of 5881008?
True
Is 11010783 a multiple of 79?
True
Is 8 a factor of 370964?
False
Does 3 divide 503451?
True
Does 9 divide 14975726?
False
Is 40 a factor of 112920?
True
Is 174 a factor of 198495?
False
Is 40 a factor of 66960?
True
Is 46 a factor of 1365280?
True
Is 71 a factor of 118357?
True
Is 77639 a multiple of 89?
False
Is 11 a factor of 547321?
False
Does 4 divide 12210?
False
Is 9718398 a multiple of 285?
False
Does 7 divide 27160?
True
Is 1831821 a multiple of 93?
True
Is 10616953 a multiple of 23?
False
Is 107 a factor of 222122?
False
Is 5 a factor of 4145?
True
Is 362349 a multiple of 104?
False
Is 7704483 a multiple of 183?
True
Does 141 divide 1286061?
True
Does 8 divide 190539?
False
Does 103 divide 926588?
True
Does 291 divide 4011726?
True
Is 9 a factor of 69271?
False
Does 2 divide 117507?
False
Is 411715 a multiple of 24?
False
Is 134 a factor of 89512?
True
Is 709988 a multiple of 25?
False
Is 179 a factor of 8496542?
False
Is 45 a factor of 1291815?
True
Does 59 divide 20583379?
False
Is 9 a factor of 731745?
True
Is 170 a factor of 244442?
False
Is 6 a factor of 5636052?
True
Is 515 a factor of 2063605?
True
Is 32767 a multiple of 3?
False
Is 132 a factor of 204996?
True
Is 2273774 a multiple of 29?
True
Is 63 a factor of 1526490?
True
Does 272 divide 17055013?
False
Is 24 a factor of 5184516?
False
Is 4 a factor of 495306?
False
Is 296773 a multiple of 76?
False
Is 457520 a multiple of 344?
True
Does 1014 divide 10562838?
True
Is 828192 a multiple of 24?
True
Does 25 divide 449150?
True
Is 6365786 a multiple of 34?
True
Is 47 a factor of 51520?
False
Is 171 a factor of 557886?
False
Is 23 a factor of 13328?
False
Is 14 a factor of 195230?
True
Is 12992698 a